2 = 3*j. Let k be (8/i)/((-4)/(-10)). Let b be k/(-8) + (-148)/(-16). Give x(b).
5
Suppose 5*i - 381 = 2*d - 0*i, -3*i - 968 = 5*d. Let l = d + 187. Let s(u) = -u**2 - 6*u. What is s(l)?
0
Let f(q) = -2*q**3 + 11*q**2 + 8*q - 9. Let x be f(6). Let r(o) = 3 + o**3 + 3*o**2 + 2*o**2 + 6*o**2 + 13*o + o**3 - 3*o**x. Calculate r(12).
15
Let v(y) be the third derivative of -3*y**6/8 - y**5/60 + y**3/6 - 2*y**2 - 561. What is v(1)?
-45
Let q(y) = -3*y**3 + 2*y**2 - 26*y**2 + 22*y**2. Determine q(-1).
1
Let s(d) be the second derivative of -d**5/20 - d**4/3 + d**2 - 669*d. What is s(-3)?
-7
Let p(z) be the third derivative of -z**5/30 - 7*z**4/24 + 4*z**3/3 + 596*z**2. Calculate p(-6).
-22
Let s(x) = 129*x + 123*x + 93 - 77 + 127*x - 371*x. Calculate s(-6).
-32
Let g(l) = 2*l + 1. Let s(h) = -13*h - 5. Let y(q) = 5*g(q) + s(q). Let w(c) = 15*c**2 + 0 - 2 + 3 - 3*c - 16*c**2. Let f be w(-4). Calculate y(f).
9
Let v(b) be the second derivative of -b**3/6 + 3*b**2/2 - 9*b. Suppose 0 = 89*n - 90*n. Calculate v(n).
3
Let o = 6423 + -6438. Let v(w) = -2*w**2 + 17*w - 15. Let g(n) = 3*n**2 - 33*n + 29. Let z(u) = 3*g(u) + 5*v(u). Calculate z(o).
-3
Let w(t) = t**3 + 3*t**2 - 1. Let v(k) = 2*k**2 - 9*k + 6. Let j be v(4). Let m(f) = 2*f**2 - 2*f**2 + f**2 + f - 4*f. Let q be m(j). Determine w(q).
3
Let l(u) = -102 - 1489*u + 773*u + 728*u. Give l(8).
-6
Let n(q) = -3*q**2 + 2*q**2 - 2 - 2*q - 2*q. Let h = 169 - 169. Suppose 10*s + 108 - 58 = h. Give n(s).
-7
Let m(q) = q - 2. Suppose -868 = 5*c - c. Let k = -221 - c. What is m(k)?
-6
Let a(o) = 2*o - 5. Let v(b) = 8. Let w(l) = 8*a(l) + 6*v(l). Let f be w(4). Suppose f = 8*u + u. Let j(d) = -d**2 + 8*d - 7. Determine j(u).
-7
Let m = -1221 + 2181. Let v = m + -952. Let j(u) = u**2 - 7*u - 5. What is j(v)?
3
Let y(o) = -o**3 + o**2 - 2*o - 1. Suppose 2*l = -4*n - 8, n - 12 = -2*l + 2*n. Suppose a + a = l. Give y(a).
-9
Suppose 8*v + 133 - 37 = 0. Let q be 2 + 4 + -292 + v/(-3). Let r be 2209/q + (0 - (-2)/(-12)). Let c(p) = p**2 + 9*p + 8. Determine c(r).
0
Let k(u) be the first derivative of 7*u**2/2 - 1. Let l be (-56)/(-35) + -2 + 27/5. Suppose -20 = -4*m + 3*d, l*d - d = -16. Determine k(m).
14
Let g(k) be the first derivative of k**3 - 47*k**2/2 - 21*k + 10231. Give g(16).
-5
Let d(x) = -2*x - 15. Let j(w) = 10*w + 69. Let t(n) = -11*d(n) - 2*j(n). Determine t(0).
27
Let b(q) = q**2 + 7*q + 12. Let i(g) = 2*g**3 + 55*g**2 - 32*g - 117. Let k be i(-28). What is b(k)?
2
Let z(j) = -6*j - 115. Suppose 0 = 5*q - 2*w + 58 + 44, 5*q + 3*w + 97 = 0. Determine z(q).
5
Suppose -18*g = -111 - 105. Let h(q) = -g - 7 + 0*q - q + 0. Calculate h(0).
-19
Suppose 0 = -16*p + 121 + 119. Let a = -3 + 6. Let h(k) = -p - k + a + 0 + 6. Give h(-7).
1
Let v(m) be the first derivative of m**4/4 - 7*m**3 + 37*m**2/2 + 11*m + 334. Give v(19).
-8
Let r(i) be the first derivative of i**4/4 - 5*i**3/3 - 5*i**2/2 + 7*i + 3443. What is r(3)?
-26
Suppose 2*c - 4 = 4. Let a = 1554 - 1537. Let i(m) = -c*m + 7 - 3*m**2 + 7 - a + 6*m. Determine i(2).
-11
Suppose -5*d = 105*b - 103*b + 45, 0 = d - 5*b - 18. Let c(o) = -13*o - 101. Give c(d).
-10
Let g be (-8)/(-40) - (-290)/(-4)*6/(-450). Let p(d) be the second derivative of -g*d**3 + d**2 + 0 + 1/12*d**4 + 21*d. What is p(6)?
-4
Let k(h) be the second derivative of -h**3/6 - 5*h**2 + h + 8. Give k(2).
-12
Let c(i) = 80*i**2 + 9*i + 103*i**2 - 8 - 181*i**2. Determine c(-6).
10
Let x(l) be the second derivative of -l**3/3 + 3*l**2/2 - 415*l + 2. Let o = -7 - -16. Let c = o - 5. Determine x(c).
-5
Let l(z) = z**3 + 31*z**2 + z + 30. Let m be l(-31). Let n(v) = -3*v - 1. Let c be 1/(-2)*-4*2. Let k(b) = -3*b - 1. Let t(p) = c*k(p) - 5*n(p). What is t(m)?
-2
Let t(h) = 35*h + 7. Let k(z) = -82*z - 13. Let c(d) = -3*k(d) - 7*t(d). Determine c(2).
-8
Let g(v) = v**2 + 26*v - 85. Let r(l) = 2*l**2 + 29*l - 86. Let y(z) = 3*g(z) - 2*r(z). Determine y(7).
8
Let a(z) = -29*z - 1. Let g(d) = 2*d**2 + 16*d + 28. Let t be g(-2). Let q be 12/(-8)*4 + (9 - t). Calculate a(q).
28
Let c(w) = w + 1. Let n(y) = -y**3 - 23*y**2 + 47*y - 66. Let s be n(-25). Suppose 160 = -s*t - 31*t. What is c(t)?
-3
Let k(u) = -18*u**3 - 1. Let n be 2/11 + (-44)/242. Suppose n*i + 3*i = -3*h, -10 = 5*h - 5*i. What is k(h)?
17
Let z(a) = -3*a**2 + 4*a - 6. Let w be (-2)/(-9)*-3 + (-1004)/(-12). Let k = w - 81. Let p(u) = u**2 - u. Let s(x) = k*p(x) + z(x). Give s(4).
-14
Let n(k) = 7*k**3 - 34*k**2 + 61*k - 74. Let q(f) = 3*f**3 - 17*f**2 + 31*f - 38. Let l(x) = 2*n(x) - 5*q(x). Determine l(15).
-3
Let m(p) = -2*p**2 + p + 4. Let f(o) = -7*o**2 - 5*o + 33. Let v(d) = -f(d) + 5*m(d). What is v(2)?
-5
Suppose -7*v - 13 + 174 = 0. Suppose -4*x - 2*y = 30, -62 = 5*x + 3*y - v. Let d(k) = -3*k + 8. Let m(u) = 9*u - 23. Let z(q) = -8*d(q) - 3*m(q). Give z(x).
23
Let j(b) = b**2 + 18*b + 79. Let m be j(-9). Let l(c) = -4*c**2 + c + 3. Give l(m).
-15
Let k(f) = -17741 + 8872 - 3*f**2 + 8867 - 29*f. Give k(-12).
-86
Suppose 0 = -412*o + 1071*o - 390 + 1708. Let n(r) be the third derivative of -r**4/8 - r**3/3 + 2*r**2. Calculate n(o).
4
Let f(c) = -c**3 - 38*c**2 + 37*c - 90. Let h(i) = -2*i**3 - 41*i**2 + 116*i - 16. Let l be h(-23). Give f(l).
-12
Let r(x) = 2*x**2 + x. Let y(t) = -t**2 - 2*t + 1. Let d(g) = r(g) + y(g). Let n(o) = o**3 - 5*o**2 - 14*o + 3. Let c(v) = 2*d(v) - n(v). What is c(8)?
31
Let r(l) = 31*l - 21. Let h be r(-5). Let u be h/(-33) + (-1)/(6/(-4)). Let y(t) = -11*t + 6. Let g(z) = 25*z - 11. Let s(v) = 2*g(v) + 5*y(v). Give s(u).
-22
Let a(v) = -2*v**3 - 58*v**2 + 61*v + 24. Let b be a(-30). Let g(j) be the first derivative of j**4/4 + 7*j**3/3 + 3*j**2/2 - 6*j - 20. What is g(b)?
12
Let t(r) be the first derivative of r**4/4 - r**3/3 - r**2/2 + 1. Suppose -44*c + 34*c + 3460 = 0. Let d = 348 - c. Determine t(d).
2
Let y(k) = -k - 2 + 5*k - 1 - 4*k**2. Let d be ((-24)/(-9))/(12/18). Suppose t = -t + d. What is y(t)?
-11
Let g = -27 + 27. Suppose g = 5*b, a + 2 - 4 = -b. Let r(l) = -18*l**2 + a - 6*l + 17*l**2 - 4 - l. Determine r(-6).
4
Let c(m) = -m**3 - 30*m**2 - 10*m - 306. Let k be c(-30). Let f(h) = 4*h + 8. Give f(k).
-16
Let s = 72 - 76. Let v(u) be the third derivative of 0*u + 9*u**2 - 2/3*u**3 + 0 + 1/24*u**4. Calculate v(s).
-8
Let b = -519 + 546. Let u(x) = 1 + 2*x**3 + 8*x**2 + 14*x**2 - b*x**2 - x + 7*x**2 + 2. Give u(-3).
-30
Let o(i) be the first derivative of 1/3*i**3 + 7*i - 38 + 3*i**2. Let g = 1 + -6. Calculate o(g).
2
Let p(k) = k**2 - 4*k - 8. Let x(l) = l**3 + 8*l**2 - 3*l + 14. Let f be x(-6). Let j = f - 86. Suppose j = 3*n + 2*g, -6*g = -2*g. Give p(n).
4
Let s(g) be the first derivative of -9*g**3 + g**2 - g + 3. Let h = 114594 + -114593. Give s(h).
-26
Suppose 2 = -5*o + 43*n - 45*n, -5*o + n = 14. Let v(x) = -3*x**2 - 5*x - 7. What is v(o)?
-9
Let k(a) = a**2 - 7*a - 16. Let i(f) = -2*f**2 + 14*f + 31. Let g(l) = -6*i(l) - 11*k(l). Let s = -8093 - -8102. Determine g(s).
8
Let x(g) = -3*g + 7*g + 5 + g + 7*g - g**2. Suppose -28*v - 15*v - 20*v + 756 = 0. What is x(v)?
5
Let x(l) = -l**2 - 9. Suppose 4*v = -8, 2*p - 3*v + 5*v + 12 = 0. Calculate x(p).
-25
Let j(s) = s**2 - 7*s + 5. Suppose -62 = -q + 11. Let v = q - 66. Calculate j(v).
5
Let i(v) be the second derivative of -v**4/2 - v**3/6 + v**2 + 7*v. Let s(x) = -3*x - 52. Let p be s(-17). Let u be p*(-4)/(4 - 0). Calculate i(u).
-5
Suppose 93 = 9*a + 120. Let n(k) = -6*k - 110. Let d(u) = -u - 22. Let v(z) = a*n(z) + 16*d(z). Calculate v(12).
2
Let f(p) = -6*p**3 + 17*p**2 - 22*p + 30. Let y(x) = x**3 - 14*x**2 + x + 1. Let v(a) = f(a) + 4*y(a). What is v(-19)?
15
Let c be (14/3)/(184/276). Let d(y) = y**2 - 10*y + 26. Determine d(c).
5
Let s(y) = -10*y - 1. Let x be 0 + 17 - (-1 - 4). Suppose -11 = -k + 3*o, -3*k + x = -5*k - 5*o. Calculate s(k).
9
Let g be (0*1/4)/(-1). Let c(n) = 3 - 6 + 2 - n + g. Calculate c(6).
-7
Let d be 180/225*2/(16/60). Let y(o) = -2*o**3 + 12*o**2 - o - 1. Determine y(d).
-7
Let u(t) be the third derivative of t**8/20160 - t**7/5040 + t**6/72 - 8*t**5/5 - 73*t**2. Let q(g) be the third derivative of u(g). What is q(0)?
10
Let z(h) be the third derivative of 5*h**4/24 - h**3/3 + 6464*h**2 - 9*h - 1. Suppose -2*n - 3*n = 10. Determine z(n).
-12
Let u be 4/3*(-72)/(-16). Suppose 2*o = g, 3*g + u*o + 